{"id":12,"date":"2024-01-27T22:07:31","date_gmt":"2024-01-27T21:07:31","guid":{"rendered":"https:\/\/cieslahome.pl\/?page_id=12"},"modified":"2026-04-29T13:49:05","modified_gmt":"2026-04-29T11:49:05","slug":"szczegoly-projektu","status":"publish","type":"page","link":"https:\/\/cieslahome.pl\/index.php\/szczegoly-projektu\/","title":{"rendered":"Szczeg\u00f3\u0142y Projektu"},"content":{"rendered":"\n<div class=\"wp-block-cover alignfull is-light\" style=\"min-height:189px\"><span aria-hidden=\"true\" class=\"wp-block-cover__background has-nv-site-bg-background-color has-background-dim-100 has-background-dim\"><\/span><div class=\"wp-block-cover__inner-container is-layout-flow wp-block-cover-is-layout-flow\">\n<div class=\"wp-block-group is-layout-flow wp-block-group-is-layout-flow\"><div class=\"wp-block-group__inner-container\">\n<div class=\"wp-block-columns are-vertically-aligned-center is-layout-flex wp-container-core-columns-layout-1 wp-block-columns-is-layout-flex\">\n<div class=\"wp-block-column is-vertically-aligned-center is-layout-flow wp-block-column-is-layout-flow\" style=\"flex-basis:70%\">\n<h1 class=\"wp-block-heading has-text-align-left has-neve-text-color-color has-text-color\">Szczeg\u00f3\u0142y projektu<\/h1>\n<\/div>\n<\/div>\n<\/div><\/div>\n<\/div><\/div>\n\n\n\n<div class=\"wp-block-cover alignfull is-light\" style=\"min-height:600px\"><span aria-hidden=\"true\" class=\"wp-block-cover__background has-nv-light-bg-background-color has-background-dim-100 has-background-dim\"><\/span><div class=\"wp-block-cover__inner-container is-layout-flow wp-block-cover-is-layout-flow\">\n<div class=\"wp-block-group is-layout-flow wp-block-group-is-layout-flow\"><div class=\"wp-block-group__inner-container\">\n<div style=\"height:40px\" aria-hidden=\"true\" class=\"wp-block-spacer\"><\/div>\n\n\n\n<div class=\"wp-block-columns is-layout-flex wp-container-core-columns-layout-2 wp-block-columns-is-layout-flex\">\n<div class=\"wp-block-column is-layout-flow wp-block-column-is-layout-flow\">\n<iframe src=\"https:\/\/www.google.com\/maps\/embed?pb=!1m14!1m12!1m3!1d572.0840785103542!2d19.31632288786302!3d50.16080277643159!2m3!1f0!2f0!3f0!3m2!1i1024!2i768!4f13.1!5e1!3m2!1spl!2spl!4v1776204233070!5m2!1spl!2spl\" width=\"600\" height=\"450\" style=\"border:0;\" allowfullscreen=\"\" loading=\"lazy\" referrerpolicy=\"no-referrer-when-downgrade\"><\/iframe>\n<\/div>\n\n\n\n<div class=\"wp-block-column is-vertically-aligned-center is-layout-flow wp-block-column-is-layout-flow\">\n<h2 class=\"wp-block-heading\">Lokalizacja inwestycji<\/h2>\n\n\n\n<p>Osiedle Nauczycielska zlokalizowane jest w Jaworznie 43-600, ul. Nauczycielska, nr dzia\u0142ki 361\/12 obr\u0119b Byczyna. <\/p>\n\n\n\n<p>Dzia\u0142ka znajduje si\u0119 w bardzo bliskiej odleg\u0142o\u015bci od szko\u0142y, sklep\u00f3w, o\u015brodk\u00f3w zdrowia.<\/p>\n\n\n\n<p>Co wi\u0119cej lokalizacja osiedla ma \u015bwietny dost\u0119p do drogi krajowej DK79 oraz autostrady A4.<\/p>\n\n\n\n<div class=\"wp-block-buttons is-layout-flex wp-block-buttons-is-layout-flex\">\n<div class=\"wp-block-button\"><a class=\"wp-block-button__link wp-element-button\" href=\"https:\/\/maps.app.goo.gl\/7m57JEJ5GhfWPhyw6\" target=\"_blank\" rel=\"noreferrer noopener\">Sprawd\u017a dok\u0142adn\u0105 lokalizacj\u0119 &#8211; kliknij<\/a><\/div>\n<\/div>\n\n\n\n<div class=\"wp-block-buttons is-layout-flex wp-block-buttons-is-layout-flex\"><\/div>\n<\/div>\n<\/div>\n\n\n\n<div class=\"wp-block-columns is-layout-flex wp-container-core-columns-layout-3 wp-block-columns-is-layout-flex\">\n<div class=\"wp-block-column is-layout-flow wp-block-column-is-layout-flow\">\n<figure class=\"wp-block-image size-large\"><img loading=\"lazy\" decoding=\"async\" width=\"967\" height=\"1024\" src=\"https:\/\/cieslahome.pl\/wp-content\/uploads\/2026\/04\/rozklad-budynkow_2-967x1024.jpg\" alt=\"\" class=\"wp-image-139\" srcset=\"https:\/\/cieslahome.pl\/wp-content\/uploads\/2026\/04\/rozklad-budynkow_2-967x1024.jpg 967w, https:\/\/cieslahome.pl\/wp-content\/uploads\/2026\/04\/rozklad-budynkow_2-283x300.jpg 283w, https:\/\/cieslahome.pl\/wp-content\/uploads\/2026\/04\/rozklad-budynkow_2-768x813.jpg 768w, https:\/\/cieslahome.pl\/wp-content\/uploads\/2026\/04\/rozklad-budynkow_2-1451x1536.jpg 1451w, https:\/\/cieslahome.pl\/wp-content\/uploads\/2026\/04\/rozklad-budynkow_2-1935x2048.jpg 1935w, https:\/\/cieslahome.pl\/wp-content\/uploads\/2026\/04\/rozklad-budynkow_2.jpg 2016w\" sizes=\"(max-width: 967px) 100vw, 967px\" \/><\/figure>\n<\/div>\n\n\n\n<div class=\"wp-block-column is-vertically-aligned-center is-layout-flow wp-block-column-is-layout-flow\">\n<h2 class=\"wp-block-heading\">Rozk\u0142ad budynk\u00f3w<\/h2>\n\n\n\n<p>Osiedle sk\u0142ada si\u0119 z 4 dom\u00f3w jednorodzinnych w zabudowie bli\u017aniaczej. Wszystkie domy maja tak\u0105 sam\u0105 powierzchnie i s\u0105 swoim odbiciem lustrzanym. Para dom\u00f3w A i B s\u0105 takie same jak C i D. Dojazd do dom\u00f3w A i B bezpo\u015brednio z ul. Nauczycielskiej. Dojazd do dom\u00f3w C i D drog\u0105 wewn\u0119trzn\u0105 wytyczon\u0105 z dzia\u0142ki 361\/12.  Wszystkie domy maj\u0105 salony z ekspozycj\u0105 po\u0142udniow\u0105, dzi\u0119ki czemu b\u0119d\u0105 bardzo dobrze do\u015bwietlone.<\/p>\n\n\n\n<div class=\"wp-block-buttons is-layout-flex wp-block-buttons-is-layout-flex\"><\/div>\n<\/div>\n<\/div>\n\n\n\n<ul><\/ul>\n<\/div><\/div>\n<\/div><\/div>\n\n\n\n<div class=\"wp-block-cover alignfull is-light\" style=\"min-height:600px\"><span aria-hidden=\"true\" class=\"wp-block-cover__background has-nv-light-bg-background-color has-background-dim-100 has-background-dim\"><\/span><div class=\"wp-block-cover__inner-container is-layout-flow wp-block-cover-is-layout-flow\">\n<div class=\"wp-block-group is-layout-flow wp-block-group-is-layout-flow\"><div class=\"wp-block-group__inner-container\">\n<div style=\"height:40px\" aria-hidden=\"true\" class=\"wp-block-spacer\"><\/div>\n\n\n\n<div class=\"wp-block-columns is-layout-flex wp-container-core-columns-layout-4 wp-block-columns-is-layout-flex\">\n<div class=\"wp-block-column is-vertically-aligned-center is-layout-flow wp-block-column-is-layout-flow\">\n<h2 class=\"wp-block-heading\">Wizualizacja osiedla<\/h2>\n\n\n\n<p>Osiedle Nauczycielska sk\u0142ada\u0107 si\u0119 b\u0119dzie z 4 dom\u00f3w jednorodzinnych. Wizualizacja pokazuje domy patrz\u0105c od strony ul. Nauczycielskiej. Ka\u017cdy z dom\u00f3w posiada wiat\u0119 gara\u017cow\u0105 oraz podjazd pod dom. Z prawej strony dom\u00f3w A i B b\u0119dzie droga dojazdowa do dom\u00f3w C i D. <\/p>\n\n\n<div class=\"wp-block-image\">\n<figure class=\"aligncenter size-large\"><img loading=\"lazy\" decoding=\"async\" width=\"1024\" height=\"719\" src=\"https:\/\/cieslahome.pl\/wp-content\/uploads\/2026\/04\/przod1-1024x719.jpg\" alt=\"\" class=\"wp-image-84\" srcset=\"https:\/\/cieslahome.pl\/wp-content\/uploads\/2026\/04\/przod1-1024x719.jpg 1024w, https:\/\/cieslahome.pl\/wp-content\/uploads\/2026\/04\/przod1-300x211.jpg 300w, https:\/\/cieslahome.pl\/wp-content\/uploads\/2026\/04\/przod1-768x540.jpg 768w, https:\/\/cieslahome.pl\/wp-content\/uploads\/2026\/04\/przod1-1536x1079.jpg 1536w, https:\/\/cieslahome.pl\/wp-content\/uploads\/2026\/04\/przod1-2048x1439.jpg 2048w\" sizes=\"(max-width: 1024px) 100vw, 1024px\" \/><\/figure><\/div>\n\n\n<div class=\"wp-block-buttons is-layout-flex wp-block-buttons-is-layout-flex\"><\/div>\n\n\n\n<div class=\"wp-block-buttons is-layout-flex wp-block-buttons-is-layout-flex\"><\/div>\n<\/div>\n<\/div>\n\n\n\n<div class=\"wp-block-columns is-layout-flex wp-container-core-columns-layout-5 wp-block-columns-is-layout-flex\">\n<div class=\"wp-block-column is-vertically-aligned-center is-layout-flow wp-block-column-is-layout-flow\">\n<p>Salon skierowany po\u0142udniow\u0105 powoduje pi\u0119kne do\u015bwietlenie tarasu oraz ogrodu. U\u0142o\u017cenie terenu na zboczu g\u00f3rki powoduje pi\u0119kny, przestrzenny widok. Lokalizacja budynk\u00f3w gwarantuje wygodn\u0105 logistyk\u0119 \u017cycia codziennego oraz cisz\u0119 i spok\u00f3j poza miastem. <\/p>\n\n\n<div class=\"wp-block-image\">\n<figure class=\"aligncenter size-large\"><img loading=\"lazy\" decoding=\"async\" width=\"1024\" height=\"758\" src=\"https:\/\/cieslahome.pl\/wp-content\/uploads\/2026\/04\/tyl-1024x758.jpg\" alt=\"\" class=\"wp-image-75\" srcset=\"https:\/\/cieslahome.pl\/wp-content\/uploads\/2026\/04\/tyl-1024x758.jpg 1024w, https:\/\/cieslahome.pl\/wp-content\/uploads\/2026\/04\/tyl-300x222.jpg 300w, https:\/\/cieslahome.pl\/wp-content\/uploads\/2026\/04\/tyl-768x568.jpg 768w, https:\/\/cieslahome.pl\/wp-content\/uploads\/2026\/04\/tyl-1536x1137.jpg 1536w, https:\/\/cieslahome.pl\/wp-content\/uploads\/2026\/04\/tyl-2048x1516.jpg 2048w\" sizes=\"(max-width: 1024px) 100vw, 1024px\" \/><\/figure><\/div>\n\n\n<div class=\"wp-block-buttons is-layout-flex wp-block-buttons-is-layout-flex\"><\/div>\n<\/div>\n<\/div>\n\n\n\n<ul><\/ul>\n<\/div><\/div>\n\n\n\n<h2 class=\"wp-block-heading has-text-align-center\">Rozk\u0142ad pomieszcze\u0144 w domu A i C<\/h2>\n\n\n<div class=\"wp-block-image\">\n<figure class=\"aligncenter size-large\"><img loading=\"lazy\" decoding=\"async\" width=\"1024\" height=\"772\" src=\"https:\/\/cieslahome.pl\/wp-content\/uploads\/2026\/04\/parter_4_gotowy-1024x772.jpg\" alt=\"\" class=\"wp-image-73\" srcset=\"https:\/\/cieslahome.pl\/wp-content\/uploads\/2026\/04\/parter_4_gotowy-1024x772.jpg 1024w, https:\/\/cieslahome.pl\/wp-content\/uploads\/2026\/04\/parter_4_gotowy-300x226.jpg 300w, https:\/\/cieslahome.pl\/wp-content\/uploads\/2026\/04\/parter_4_gotowy-768x579.jpg 768w, https:\/\/cieslahome.pl\/wp-content\/uploads\/2026\/04\/parter_4_gotowy-1536x1158.jpg 1536w, https:\/\/cieslahome.pl\/wp-content\/uploads\/2026\/04\/parter_4_gotowy-2048x1545.jpg 2048w\" sizes=\"(max-width: 1024px) 100vw, 1024px\" \/><\/figure><\/div>\n\n<div class=\"wp-block-image\">\n<figure class=\"aligncenter size-large\"><img loading=\"lazy\" decoding=\"async\" width=\"1024\" height=\"825\" src=\"https:\/\/cieslahome.pl\/wp-content\/uploads\/2026\/04\/pietro2-1024x825.jpg\" alt=\"\" class=\"wp-image-74\" srcset=\"https:\/\/cieslahome.pl\/wp-content\/uploads\/2026\/04\/pietro2-1024x825.jpg 1024w, https:\/\/cieslahome.pl\/wp-content\/uploads\/2026\/04\/pietro2-300x242.jpg 300w, https:\/\/cieslahome.pl\/wp-content\/uploads\/2026\/04\/pietro2-768x619.jpg 768w, https:\/\/cieslahome.pl\/wp-content\/uploads\/2026\/04\/pietro2-1536x1237.jpg 1536w, https:\/\/cieslahome.pl\/wp-content\/uploads\/2026\/04\/pietro2-2048x1650.jpg 2048w\" sizes=\"(max-width: 1024px) 100vw, 1024px\" \/><\/figure><\/div>\n\n\n<h2 class=\"wp-block-heading has-text-align-center\">Rozk\u0142ad pomieszcze\u0144 w domu B i D<\/h2>\n\n\n<div class=\"wp-block-image\">\n<figure class=\"aligncenter size-large\"><img loading=\"lazy\" decoding=\"async\" width=\"1024\" height=\"772\" src=\"https:\/\/cieslahome.pl\/wp-content\/uploads\/2026\/04\/parter_B_gotowy-1024x772.jpg\" alt=\"\" class=\"wp-image-150\" srcset=\"https:\/\/cieslahome.pl\/wp-content\/uploads\/2026\/04\/parter_B_gotowy-1024x772.jpg 1024w, https:\/\/cieslahome.pl\/wp-content\/uploads\/2026\/04\/parter_B_gotowy-300x226.jpg 300w, https:\/\/cieslahome.pl\/wp-content\/uploads\/2026\/04\/parter_B_gotowy-768x579.jpg 768w, https:\/\/cieslahome.pl\/wp-content\/uploads\/2026\/04\/parter_B_gotowy-1536x1158.jpg 1536w, https:\/\/cieslahome.pl\/wp-content\/uploads\/2026\/04\/parter_B_gotowy-2048x1545.jpg 2048w\" sizes=\"(max-width: 1024px) 100vw, 1024px\" \/><\/figure><\/div>\n\n<div class=\"wp-block-image\">\n<figure class=\"aligncenter size-large\"><img loading=\"lazy\" decoding=\"async\" width=\"1024\" height=\"825\" src=\"https:\/\/cieslahome.pl\/wp-content\/uploads\/2026\/04\/pietro2_B-1024x825.jpg\" alt=\"\" class=\"wp-image-151\" srcset=\"https:\/\/cieslahome.pl\/wp-content\/uploads\/2026\/04\/pietro2_B-1024x825.jpg 1024w, https:\/\/cieslahome.pl\/wp-content\/uploads\/2026\/04\/pietro2_B-300x242.jpg 300w, https:\/\/cieslahome.pl\/wp-content\/uploads\/2026\/04\/pietro2_B-768x619.jpg 768w, https:\/\/cieslahome.pl\/wp-content\/uploads\/2026\/04\/pietro2_B-1536x1237.jpg 1536w, https:\/\/cieslahome.pl\/wp-content\/uploads\/2026\/04\/pietro2_B-2048x1650.jpg 2048w\" sizes=\"(max-width: 1024px) 100vw, 1024px\" \/><\/figure><\/div><\/div><\/div>\n\n\n\n<div class=\"wp-block-cover alignfull is-light\" style=\"min-height:300px\"><span aria-hidden=\"true\" class=\"wp-block-cover__background has-nv-dark-bg-background-color has-background-dim-100 has-background-dim\"><\/span><div class=\"wp-block-cover__inner-container is-layout-flow wp-block-cover-is-layout-flow\">\n<div style=\"height:140px\" aria-hidden=\"true\" class=\"wp-block-spacer\"><\/div>\n\n\n\n<p class=\"has-nv-site-bg-color has-text-color has-link-color wp-elements-b27ad4d4f846d4a0c7d2005d339b05ee\"><\/p>\n\n\n\n<p><\/p>\n\n\n\n<div class=\"wp-block-buttons is-content-justification-center is-layout-flex wp-container-core-buttons-layout-7 wp-block-buttons-is-layout-flex\">\n<div class=\"wp-block-button is-style-primary\"><a class=\"wp-block-button__link wp-element-button\" href=\"https:\/\/cieslahome.pl\/index.php\/contact\/\">Kontakt<\/a><\/div>\n<\/div>\n\n\n\n<div style=\"height:140px\" aria-hidden=\"true\" class=\"wp-block-spacer\"><\/div>\n<\/div><\/div>\n","protected":false},"excerpt":{"rendered":"","protected":false},"author":1,"featured_media":0,"parent":0,"menu_order":0,"comment_status":"closed","ping_status":"closed","template":"","meta":{"neve_meta_sidebar":"","neve_meta_container":"","neve_meta_enable_content_width":"on","neve_meta_content_width":100,"neve_meta_title_alignment":"","neve_meta_author_avatar":"","neve_post_elements_order":"","neve_meta_disable_header":"","neve_meta_disable_footer":"","neve_meta_disable_title":"on","_themeisle_gutenberg_block_has_review":false,"footnotes":""},"_links":{"self":[{"href":"https:\/\/cieslahome.pl\/index.php\/wp-json\/wp\/v2\/pages\/12"}],"collection":[{"href":"https:\/\/cieslahome.pl\/index.php\/wp-json\/wp\/v2\/pages"}],"about":[{"href":"https:\/\/cieslahome.pl\/index.php\/wp-json\/wp\/v2\/types\/page"}],"author":[{"embeddable":true,"href":"https:\/\/cieslahome.pl\/index.php\/wp-json\/wp\/v2\/users\/1"}],"replies":[{"embeddable":true,"href":"https:\/\/cieslahome.pl\/index.php\/wp-json\/wp\/v2\/comments?post=12"}],"version-history":[{"count":11,"href":"https:\/\/cieslahome.pl\/index.php\/wp-json\/wp\/v2\/pages\/12\/revisions"}],"predecessor-version":[{"id":155,"href":"https:\/\/cieslahome.pl\/index.php\/wp-json\/wp\/v2\/pages\/12\/revisions\/155"}],"wp:attachment":[{"href":"https:\/\/cieslahome.pl\/index.php\/wp-json\/wp\/v2\/media?parent=12"}],"curies":[{"name":"wp","href":"https:\/\/api.w.org\/{rel}","templated":true}]}}